{"id":5,"date":"2014-03-07T10:52:14","date_gmt":"2014-03-07T08:52:14","guid":{"rendered":"https:\/\/hastenbeck.de\/?page_id=5"},"modified":"2025-03-09T08:59:17","modified_gmt":"2025-03-09T07:59:17","slug":"die-kirche-zu-hastenbeck","status":"publish","type":"page","link":"https:\/\/hastenbeck.de\/","title":{"rendered":"Startseite"},"content":{"rendered":"\n<p>Die Gr\u00fcndung der Hastenbecker Kirche erfolgte im Jahre 1620 durch den damaligen Gutsherren von Wobersnow.<\/p>\n\n\n\n<p>Bis Ende des 17. Jahrhunderts geh\u00f6rte sie als Kapelle zur Kirchengemeinde Afferde und wurde dann durch die Gutsherrschaft von Reden von dort abgel\u00f6st. Gleichzeitig wurde das Kirchengeb\u00e4ude mit seiner Ausstattung vollendet.<\/p>\n\n\n\n<p>Von Aussen betrachtet handelt es sich bei der Kirche um einen Bau in den Formen der florentinischen Renaissance mit gotisierenden Elementen.<\/p>\n\n\n\n<figure class=\"wp-block-gallery has-nested-images columns-default is-cropped wp-block-gallery-1 is-layout-flex wp-block-gallery-is-layout-flex\">\n<figure class=\"wp-block-image size-large\"><img loading=\"lazy\" decoding=\"async\" width=\"1024\" height=\"768\" data-id=\"377\" src=\"https:\/\/hastenbeck.de\/wp-content\/uploads\/2020\/02\/P0630067-1024x768.jpg\" alt=\"\" class=\"wp-image-377\" srcset=\"https:\/\/hastenbeck.de\/wp-content\/uploads\/2020\/02\/P0630067-1024x768.jpg 1024w, https:\/\/hastenbeck.de\/wp-content\/uploads\/2020\/02\/P0630067-300x225.jpg 300w, https:\/\/hastenbeck.de\/wp-content\/uploads\/2020\/02\/P0630067-768x576.jpg 768w, https:\/\/hastenbeck.de\/wp-content\/uploads\/2020\/02\/P0630067-1536x1152.jpg 1536w, https:\/\/hastenbeck.de\/wp-content\/uploads\/2020\/02\/P0630067-2048x1536.jpg 2048w\" sizes=\"auto, (max-width: 1024px) 100vw, 1024px\" \/><\/figure>\n\n\n\n<figure class=\"wp-block-image size-medium\"><a href=\"https:\/\/hastenbeck.de\/wp-content\/uploads\/2014\/03\/kirche-2.jpg\"><img loading=\"lazy\" decoding=\"async\" width=\"300\" height=\"225\" data-id=\"54\" src=\"https:\/\/hastenbeck.de\/wp-content\/uploads\/2014\/03\/kirche-2-300x225.jpg\" alt=\"\" class=\"wp-image-54\" srcset=\"https:\/\/hastenbeck.de\/wp-content\/uploads\/2014\/03\/kirche-2-300x225.jpg 300w, https:\/\/hastenbeck.de\/wp-content\/uploads\/2014\/03\/kirche-2.jpg 800w\" sizes=\"auto, (max-width: 300px) 100vw, 300px\" \/><\/a><\/figure>\n\n\n\n<figure class=\"wp-block-image size-medium\"><a href=\"https:\/\/hastenbeck.de\/wp-content\/uploads\/2014\/03\/midres_bild005.jpg\"><img loading=\"lazy\" decoding=\"async\" width=\"300\" height=\"225\" data-id=\"7\" src=\"https:\/\/hastenbeck.de\/wp-content\/uploads\/2014\/03\/midres_bild005-300x225.jpg\" alt=\"\" class=\"wp-image-7\" srcset=\"https:\/\/hastenbeck.de\/wp-content\/uploads\/2014\/03\/midres_bild005-300x225.jpg 300w, https:\/\/hastenbeck.de\/wp-content\/uploads\/2014\/03\/midres_bild005.jpg 800w\" sizes=\"auto, (max-width: 300px) 100vw, 300px\" \/><\/a><\/figure>\n<\/figure>\n","protected":false},"excerpt":{"rendered":"<p>Die Gr\u00fcndung der Hastenbecker Kirche erfolgte im Jahre 1620 durch den damaligen Gutsherren von Wobersnow. Bis Ende des 17. Jahrhunderts geh\u00f6rte sie als Kapelle zur Kirchengemeinde Afferde und wurde dann durch die Gutsherrschaft von Reden von dort abgel\u00f6st. Gleichzeitig wurde das Kirchengeb\u00e4ude mit seiner Ausstattung vollendet. Von Aussen betrachtet handelt es sich bei der Kirche&#8230;<\/p>\n<p class=\"more-link-wrap\"><a href=\"https:\/\/hastenbeck.de\/\" class=\"more-link\">Mehr<span class=\"screen-reader-text\"> &ldquo;Startseite&rdquo;<\/span> &raquo;<\/a><\/p>\n","protected":false},"author":1,"featured_media":0,"parent":0,"menu_order":0,"comment_status":"closed","ping_status":"closed","template":"","meta":{"footnotes":""},"class_list":["post-5","page","type-page","status-publish","hentry"],"_links":{"self":[{"href":"https:\/\/hastenbeck.de\/index.php?rest_route=\/wp\/v2\/pages\/5","targetHints":{"allow":["GET"]}}],"collection":[{"href":"https:\/\/hastenbeck.de\/index.php?rest_route=\/wp\/v2\/pages"}],"about":[{"href":"https:\/\/hastenbeck.de\/index.php?rest_route=\/wp\/v2\/types\/page"}],"author":[{"embeddable":true,"href":"https:\/\/hastenbeck.de\/index.php?rest_route=\/wp\/v2\/users\/1"}],"replies":[{"embeddable":true,"href":"https:\/\/hastenbeck.de\/index.php?rest_route=%2Fwp%2Fv2%2Fcomments&post=5"}],"version-history":[{"count":46,"href":"https:\/\/hastenbeck.de\/index.php?rest_route=\/wp\/v2\/pages\/5\/revisions"}],"predecessor-version":[{"id":425,"href":"https:\/\/hastenbeck.de\/index.php?rest_route=\/wp\/v2\/pages\/5\/revisions\/425"}],"wp:attachment":[{"href":"https:\/\/hastenbeck.de\/index.php?rest_route=%2Fwp%2Fv2%2Fmedia&parent=5"}],"curies":[{"name":"wp","href":"https:\/\/api.w.org\/{rel}","templated":true}]}}