{"id":208,"date":"2014-03-15T06:09:33","date_gmt":"2014-03-15T04:09:33","guid":{"rendered":"https:\/\/hastenbeck.de\/?page_id=208"},"modified":"2014-03-16T09:37:59","modified_gmt":"2014-03-16T07:37:59","slug":"die-orgel","status":"publish","type":"page","link":"https:\/\/hastenbeck.de\/?page_id=208","title":{"rendered":"Die Orgel"},"content":{"rendered":"<p>Die Orgel mit dem wundersch\u00f6nen Barockgeh\u00e4use stammt von 1703.<br \/>\nSie wurde von einem unbekannten Orgelbauer hergestellt, 1848 von<br \/>\nPhillip Furtw\u00e4ngler repariert und 1890 beim Bau der vorigen Orgel (Faber, Salzhemmendorf) mit 120 Goldmark verrechnet.<\/p>\n<p><a href=\"https:\/\/hastenbeck.de\/wp-content\/uploads\/2014\/03\/orgel1.jpg\"><img loading=\"lazy\" decoding=\"async\" class=\"alignnone size-medium wp-image-220\" style=\"border: 1px solid black;\" alt=\"KONICA MINOLTA DIGITAL CAMERA\" src=\"https:\/\/hastenbeck.de\/wp-content\/uploads\/2014\/03\/orgel1-300x223.jpg\" width=\"300\" height=\"223\" srcset=\"https:\/\/hastenbeck.de\/wp-content\/uploads\/2014\/03\/orgel1-300x223.jpg 300w, https:\/\/hastenbeck.de\/wp-content\/uploads\/2014\/03\/orgel1.jpg 1024w\" sizes=\"auto, (max-width: 300px) 100vw, 300px\" \/><\/a><\/p>\n<p>Die jetzige Orgel ist 1965 vom Orgelbauer Rudolf Janke (Bovenden)<br \/>\ngebaut worden. Man hat immer brauchbare Teile der Vorg\u00e4ngerorgel mitverwendet. Sie wurde 1994 gr\u00fcndlich \u00fcberholt und klanglich verbessert.<\/p>\n<p>Sie verf\u00fcgt \u00fcber 17 Register, darunter etliche aus dem<br \/>\n19. Jahrhundert erhaltene. Ferner als seltene Kostbarkeit den Prinzipal 8&#8242; von 1703 mit seinen bemalten Pfeifen in der Orgelfront.<\/p>\n<table width=\"474\" cellspacing=\"0\" cellpadding=\"4\">\n<tbody>\n<tr valign=\"TOP\">\n<td width=\"25%\">Hauptwerk:<\/p>\n<p>Prinzipal 8&#8242;<br \/>\nBordun 8&#8242;<br \/>\nOktave 4&#8242;<br \/>\nGemshorn 4&#8242;<br \/>\nOktave 2&#8242;<br \/>\nSesquialtera 2fach<br \/>\nMixtur 3-4fach<br \/>\nTrompete 8&#8242;<br \/>\nTremulant<\/td>\n<td width=\"25%\">Brustwerk:<\/p>\n<p>Gedackt 8&#8242;<br \/>\nRohrfl\u00f6te 4&#8242;<br \/>\nSiffl\u00f6te 2&#8242;<br \/>\nScharf 2-3fach<\/td>\n<td width=\"25%\">Pedal:<\/p>\n<p>Subba\u00df 16&#8242;<br \/>\nOktavba\u00df 8&#8242;<br \/>\nOktave 4&#8242;<br \/>\nRauschpfeife 3fach<br \/>\nFagott 16&#8242;<\/td>\n<td width=\"25%\">3 Koppeln<\/td>\n<\/tr>\n<\/tbody>\n<\/table>\n<p><a href=\"https:\/\/hastenbeck.de\/wp-content\/uploads\/2014\/03\/register-2.jpg\"><img loading=\"lazy\" decoding=\"async\" class=\"alignnone size-medium wp-image-215\" style=\"border: 1px solid black;\" alt=\"KONICA MINOLTA DIGITAL CAMERA\" src=\"https:\/\/hastenbeck.de\/wp-content\/uploads\/2014\/03\/register-2-203x300.jpg\" width=\"203\" height=\"300\" srcset=\"https:\/\/hastenbeck.de\/wp-content\/uploads\/2014\/03\/register-2-203x300.jpg 203w, https:\/\/hastenbeck.de\/wp-content\/uploads\/2014\/03\/register-2.jpg 694w\" sizes=\"auto, (max-width: 203px) 100vw, 203px\" \/><\/a> \u00a0<a href=\"https:\/\/hastenbeck.de\/wp-content\/uploads\/2014\/03\/orgel-hinten-2.jpg\"><img loading=\"lazy\" decoding=\"async\" class=\"alignnone size-medium wp-image-224\" style=\"border: 1px solid black;\" alt=\"KONICA MINOLTA DIGITAL CAMERA\" src=\"https:\/\/hastenbeck.de\/wp-content\/uploads\/2014\/03\/orgel-hinten-2-225x300.jpg\" width=\"225\" height=\"300\" srcset=\"https:\/\/hastenbeck.de\/wp-content\/uploads\/2014\/03\/orgel-hinten-2-225x300.jpg 225w, https:\/\/hastenbeck.de\/wp-content\/uploads\/2014\/03\/orgel-hinten-2.jpg 768w\" sizes=\"auto, (max-width: 225px) 100vw, 225px\" \/><\/a><\/p>\n<p><a href=\"https:\/\/hastenbeck.de\/wp-content\/uploads\/2014\/03\/register-3.jpg\"><img loading=\"lazy\" decoding=\"async\" class=\"alignnone  wp-image-216\" style=\"border: 1px solid black;\" alt=\"KONICA MINOLTA DIGITAL CAMERA\" src=\"https:\/\/hastenbeck.de\/wp-content\/uploads\/2014\/03\/register-3-165x300.jpg\" width=\"149\" height=\"270\" srcset=\"https:\/\/hastenbeck.de\/wp-content\/uploads\/2014\/03\/register-3-165x300.jpg 165w, https:\/\/hastenbeck.de\/wp-content\/uploads\/2014\/03\/register-3.jpg 565w\" sizes=\"auto, (max-width: 149px) 100vw, 149px\" \/><\/a>\u00a0\u00a0 <a href=\"https:\/\/hastenbeck.de\/wp-content\/uploads\/2014\/03\/jahnke.jpg\"><img loading=\"lazy\" decoding=\"async\" class=\"wp-image-217 alignnone\" style=\"border: 1px solid black;\" alt=\"KONICA MINOLTA DIGITAL CAMERA\" src=\"https:\/\/hastenbeck.de\/wp-content\/uploads\/2014\/03\/jahnke-300x225.jpg\" width=\"300\" height=\"225\" srcset=\"https:\/\/hastenbeck.de\/wp-content\/uploads\/2014\/03\/jahnke-300x225.jpg 300w, https:\/\/hastenbeck.de\/wp-content\/uploads\/2014\/03\/jahnke.jpg 1024w\" sizes=\"auto, (max-width: 300px) 100vw, 300px\" \/><\/a><\/p>\n","protected":false},"excerpt":{"rendered":"<p>Die Orgel mit dem wundersch\u00f6nen Barockgeh\u00e4use stammt von 1703. Sie wurde von einem unbekannten Orgelbauer hergestellt, 1848 von Phillip Furtw\u00e4ngler repariert und 1890 beim Bau der vorigen Orgel (Faber, Salzhemmendorf) mit 120 Goldmark verrechnet. Die jetzige Orgel ist 1965 vom Orgelbauer Rudolf Janke (Bovenden) gebaut worden. Man hat immer brauchbare Teile der Vorg\u00e4ngerorgel mitverwendet. Sie&#8230;<\/p>\n<p class=\"more-link-wrap\"><a href=\"https:\/\/hastenbeck.de\/?page_id=208\" class=\"more-link\">Mehr<span class=\"screen-reader-text\"> &ldquo;Die Orgel&rdquo;<\/span> &raquo;<\/a><\/p>\n","protected":false},"author":1,"featured_media":0,"parent":0,"menu_order":0,"comment_status":"closed","ping_status":"closed","template":"","meta":{"footnotes":""},"class_list":["post-208","page","type-page","status-publish","hentry"],"_links":{"self":[{"href":"https:\/\/hastenbeck.de\/index.php?rest_route=\/wp\/v2\/pages\/208","targetHints":{"allow":["GET"]}}],"collection":[{"href":"https:\/\/hastenbeck.de\/index.php?rest_route=\/wp\/v2\/pages"}],"about":[{"href":"https:\/\/hastenbeck.de\/index.php?rest_route=\/wp\/v2\/types\/page"}],"author":[{"embeddable":true,"href":"https:\/\/hastenbeck.de\/index.php?rest_route=\/wp\/v2\/users\/1"}],"replies":[{"embeddable":true,"href":"https:\/\/hastenbeck.de\/index.php?rest_route=%2Fwp%2Fv2%2Fcomments&post=208"}],"version-history":[{"count":12,"href":"https:\/\/hastenbeck.de\/index.php?rest_route=\/wp\/v2\/pages\/208\/revisions"}],"predecessor-version":[{"id":305,"href":"https:\/\/hastenbeck.de\/index.php?rest_route=\/wp\/v2\/pages\/208\/revisions\/305"}],"wp:attachment":[{"href":"https:\/\/hastenbeck.de\/index.php?rest_route=%2Fwp%2Fv2%2Fmedia&parent=208"}],"curies":[{"name":"wp","href":"https:\/\/api.w.org\/{rel}","templated":true}]}}